e 4*t + 75 = r*t. Suppose -2*f - t = -3*f. Is f prime?
False
Suppose -2*l = -3*c - 47435, -5*l - 12*c + 45619 = -72988. Is l a prime number?
True
Suppose 4*c = 0, 2*y - 160658 = -73*c + 71*c. Is y a prime number?
True
Suppose -267*v + 563189 = -289*v + 10141923. Is v prime?
True
Suppose -3*v = -3*y - 38448, -64050 = -5*v + 34*y - 35*y. Is v a prime number?
False
Let q(h) = 257*h**2 + 178*h - 892. Is q(5) a composite number?
True
Suppose -15*w - 4750005 = 5*w - 35*w. Is w composite?
True
Suppose -2*h + 5*s + 67643 = 0, -2*h - 58*s + 67603 = -55*s. Is h prime?
True
Suppose 3*c + 146825 - 1045622 = 2055504. Is c composite?
True
Suppose -8*j + 1862 = -j. Let t be (j/7)/((-190)/(-62) - 3). Suppose -2*n = -4*a - 4*n + 2336, 3*n = -a + t. Is a a prime number?
False
Let z(r) = 582*r**3 - 15*r**2 + r - 61. Is z(12) composite?
True
Suppose 4064592 = 309*l - 261*l. Is l a composite number?
True
Suppose 151*z = 155*z - 10888. Let m = 4711 + z. Is m prime?
True
Suppose 219 = -2*k + 5*k. Let g = -61 + k. Suppose g*x = -0*x + 6852. Is x a composite number?
False
Let p = 621537 + -174154. Suppose 0 = -9*s - 20*s + p. Is s a composite number?
False
Let z(h) be the first derivative of 11*h**5/5 + h**4/12 - h**3/6 + 5*h**2/2 + 38*h + 15. Let s(l) be the first derivative of z(l). Is s(2) a composite number?
False
Let a(m) = -1856*m + 275. Suppose -19*t - 6 = -18*t. Is a(t) composite?
False
Let v(l) = l**2 - 6*l - 13. Let a(u) = -u + 27. Let q be a(-9). Let m be (0 + -1)/(6/q). Is v(m) a prime number?
True
Let a be (-116)/6*(-126009)/78. Suppose -5*s + 8*v = 6*v - a, -v - 6246 = -s. Is s prime?
True
Let o = 298304 - 211603. Is o prime?
False
Suppose -8*n + 38454 = -83618. Is n a prime number?
True
Let u be (-7)/(14/8 - 2). Let r be -5 + 14/3*111. Let y = r + u. Is y a composite number?
False
Let g(x) = 1607*x**2 - 37*x - 1235. Is g(-18) composite?
True
Suppose -5*i = 177 + 13. Let w = 43 + i. Suppose 7*q + 3914 = 11*q + 3*k, 5*q - w*k - 4875 = 0. Is q composite?
False
Suppose -70*u = -66*u + b - 7736789, 2*b = 4*u - 7736786. Is u a composite number?
True
Let y(l) be the first derivative of 3*l**2/2 + 34338*l + 2. Let f be y(0). Is -5 + (-114)/(-22) + f/22 composite?
True
Let v(w) = -w**3 - 14*w**2 + 13*w - 22. Let c be v(-15). Let h be (0 - c/12) + (-3964)/(-6). Suppose -h = -2*n - 158. Is n composite?
False
Let i(s) = s**2 - 4*s + 269. Let h be 141/(-12) + (-2)/8. Let v = 12 + h. Is i(v) prime?
True
Is 74/222*(485886 - -3) prime?
False
Let f be (10 + -8)*((-1)/(-2))/1. Let m be (4 + 0)*f - (3 - 3). Is m + 27/(-6) - (-4446)/4 composite?
True
Let g be 2 + 4 + -116 + -1. Let s = 218 + g. Let n = s - -38. Is n a composite number?
True
Let j be (-94226)/(-110) - 4/(-10)*1. Let r = -564 + j. Is r prime?
True
Is ((-15)/(-4))/((-219)/(-18816188)) a prime number?
False
Suppose -102*x = -512 - 4894. Is x a composite number?
False
Is (3*(-19)/((-171)/(-6)))/(4/(-3312038)) a prime number?
True
Let p(d) = -5*d - 52. Let v be p(1). Is -1 + 4 + 197 + v composite?
True
Let z(v) be the second derivative of v**3 + 19/12*v**4 - 1/20*v**5 + 0 + 4*v - 5/2*v**2. Is z(18) a composite number?
True
Let k(f) = -f**2 + 29*f - 52. Let n be k(27). Suppose 1191 = t + n*s, t + 5*s = -t + 2383. Is t prime?
False
Let y = 270593 - 178296. Is y a composite number?
False
Let q = -42033 - -143714. Is q a prime number?
True
Let x(c) = -2143*c + 739. Is x(-10) a composite number?
True
Let t(j) be the first derivative of j**6/15 - j**5/30 - 7*j**4/24 + 8*j**3 - 13. Let f(m) be the third derivative of t(m). Is f(-9) a prime number?
True
Let x(d) = -d**3 - 3*d**2 - 3*d + 1. Let r be x(-2). Suppose -5*y + 11 = r*n, -n - y = -3*y. Suppose -s = -0*s, -n*s = -5*i + 7325. Is i a composite number?
True
Let u(l) = 25*l**2 + 9*l - 39. Let i = 33 + -26. Is u(i) prime?
True
Let w(j) = -2*j**2 - 68*j + 24. Let l be w(-34). Suppose l*i = 215124 + 4308. Is i a composite number?
True
Suppose -3*s = -15, -4*s + 4350 = -5*d + 970. Let b = -461 - d. Is b a composite number?
False
Let h(m) = 3*m**3 - 8*m**2 - 18*m - 14. Let k(p) = p**2 - p - 1. Let i(g) = -h(g) + 4*k(g). Let b be i(-7). Suppose 5*t - b = 326. Is t composite?
True
Suppose -6*i - 3*i + 1017 = 0. Suppose 17*g - 126219 = -i. Is g a composite number?
True
Let p = -3 - 19. Let k = p - -22. Let g(v) = -v**2 + 2*v + 191. Is g(k) prime?
True
Let c(g) be the third derivative of -35*g**6 + g**4/12 + g**3/2 + 25*g**2. Is c(-1) a prime number?
True
Is 110/(-1155) - (-887525)/21 prime?
False
Let u = 90555 - -34942. Is u prime?
True
Suppose -5*f + 2 = -4*c, 2 - 8 = -2*f - c. Let l be ((-120)/(-32))/(9/(-60) + (-8)/(-20)). Suppose l = -3*a, -f*d + 920 + 169 = 5*a. Is d a composite number?
False
Let h(b) = -163*b**2 + 8*b + 135. Let x be h(-9). Let p = 22237 + x. Is p composite?
True
Let q = -329 - -327. Is (-2620632)/(-210) - q/(-10) composite?
False
Is (-9)/(-18)*(-429932)/(-2) a prime number?
False
Let r(q) = 39989*q + 1843. Is r(12) composite?
True
Suppose -p - 4*v - 5 - 8 = 0, 0 = -p + 5*v + 23. Let u(k) = 26 + 7*k**2 - p*k - 3*k - 8*k. Is u(10) composite?
True
Let s = 41 - 37. Suppose -m = -4*p - 7 - s, m = p + 11. Suppose -2*r + 658 = -5*t, m*r = 6*r + 3*t + 1607. Is r prime?
False
Is 3/7 - 4/140 - (-98829)/15 composite?
True
Let w(l) = 250*l + 3. Let u(y) = 250*y + 2. Let b(s) = -4*u(s) + 3*w(s). Let q = 1039 + -1040. Is b(q) a prime number?
True
Let k(j) be the second derivative of j**4/12 + 7*j**3/6 + 14*j**2 + j. Suppose -11*b + 45 = -13*b - u, 0 = 3*b + 2*u + 68. Is k(b) prime?
False
Suppose 0 = -6*u - 21566 + 125660. Is u a prime number?
False
Let z(r) = 594*r**2 + 1. Let a be z(-1). Let c be (1 - 4)*198/(-54). Suppose -c*w + a = -4*w. Is w prime?
False
Is (-15672105)/(-180) - (1/(-12))/((-5)/15) composite?
True
Is 23435646/1590*(1 - -4) composite?
True
Let x = -426 - -487. Suppose 0 = v + x - 8752. Is v a composite number?
True
Suppose -3*b - 30*t + 314100 = -33*t, 418793 = 4*b - 3*t. Is b composite?
False
Let g = -7343 + 13943. Suppose 8 = -4*x, 2*x + 0*x = -4*w + g. Is w a prime number?
False
Suppose 0 = 3*p - 4*o + 25, 4*p - 5 = -5*o + 3. Is -3 - (2 + (p - -1) + -504) a composite number?
True
Let i be -449*(21/(-1) + 4). Let v = i - 3098. Is v composite?
True
Suppose 60785 = t + 2*v - 4*v, -121571 = -2*t + 5*v. Is t a composite number?
True
Let o(j) = 931*j - 15. Let f be o(6). Suppose -4*h + f = -5*w - 3202, -h = -5*w - 2197. Suppose 0 = -2*m + 582 + h. Is m a prime number?
False
Let n(p) = p**2 - 5*p - 62. Let m be n(11). Suppose m*l - 6*l - 3*v = -7202, v = -3*l + 10789. Is l a prime number?
False
Suppose 139658132 = 129*h - 18810370. Is h a prime number?
False
Let p be (-5)/(3/3) + 28 + 18561. Suppose 43152 = 8*h - p. Is h a prime number?
True
Let t be 3 - (-7 - -4)/(-1). Let f be -16 + 17 + 4 + t. Suppose -3*q + 6683 = f*p - p, -4*q = -3*p + 5031. Is p prime?
False
Let u = -881 + 17. Let c = u - -4001. Is c a prime number?
True
Let l(u) = u**3 + 41*u**2 - 14*u - 643. Is l(48) prime?
False
Suppose -68*n + 23*n = -2938545. Is n prime?
False
Let z be (-5 + -13)/6 - -8. Suppose c = -c + 8, z*c + 1131 = m. Is m a composite number?
False
Let k(a) = -11*a**2 - 50*a + 22. Let h(q) = 7*q**2 + 33*q - 15. Let j(m) = 8*h(m) + 5*k(m). Let c be j(-15). Is c - 9 - (2 - 63) a prime number?
False
Is 40/28 + ((-85558608)/84)/(-12) a composite number?
True
Let r = -88 - -95. Let k(w) = 193*w**2 - 17*w + 123. Is k(r) prime?
True
Suppose -4 = -3*l + 4*g, 88 = -3*l - 3*g + 64. Let d(n) = 83*n**2 - 15*n - 23. Let x(v) = -41*v**2 + 7*v + 11. Let w(r) = -2*d(r) - 5*x(r). Is w(l) prime?
False
Let i(a) = -69*a - 289. Let m(y) = -207*y - 869. Let f(s) = 17*i(s) - 6*m(s). Is f(30) prime?
True
Suppose 0 = -5*n + 3*k + 305, 5*k + 47 = -2*n + 169. Let a = 61 - n. Suppose a = 5*v + 4*t - 3485, -4*t - 444 = 4*v - 3228. Is v a prime number?
True
Is (-54)/(-351) - (-10304498)/26 composite?
True
Let a(i) = 5198*i - 3. Let m = 173 - 171. Is a(m) composite?
True
Suppose 20*g - 2614070 + 301210 = 0. Is g prime?
False
Let a = -270 + 273. Suppose -5904 = -3*x + a*t, 3*x - 5*t = -0*t + 5894. Is x a composite number?
False
Let k be 4/(-8) - 17/2. Let h be k/(-12) + (-21162)/(-8). Suppose 2730 = 2*i - 2*o, h + 1445 = 3*i - 2*o. Is i a composite number?
False
Suppose -a - 4*y = -92753, a - 